{"id":5886,"date":"2026-01-12T11:47:06","date_gmt":"2026-01-12T10:47:06","guid":{"rendered":"https:\/\/ds-bremen.de\/?post_type=job&#038;p=5886"},"modified":"2026-01-12T16:16:54","modified_gmt":"2026-01-12T15:16:54","slug":"elektriker-m-w-d-erneuerbare-energien","status":"publish","type":"job","link":"https:\/\/ds-bremen.de\/en\/job\/elektriker-m-w-d-erneuerbare-energien\/","title":{"rendered":"Elektriker (m\/w\/d) erneuerbare Energien"},"content":{"rendered":"","protected":false},"excerpt":{"rendered":"","protected":false},"featured_media":0,"menu_order":0,"template":"","meta":{"_acf_changed":false,"_et_pb_use_builder":"","_et_pb_old_content":"","_et_gb_content_width":""},"job_category":[33,30,32,26,42,28,61],"job_tag":[],"class_list":["post-5886","job","type-job","status-publish","hentry","job_category-bremen-delmenhorst","job_category-bremerhaven","job_category-emsland-ostfriesland","job_category-fachkraft","job_category-niedersachsen","job_category-vollzeit","job_category-westdeutschland"],"acf":{"jobbezeichnung":"Elektriker (m\/w\/d) erneuerbare Energien","arbeitszeit":"Vollzeit","veroffentlichungsdatum":"20260112","bewerbungslink":{"title":"","url":"https:\/\/jobapplication.hrworks.de\/apply?companyId=apa2c698&id=313dd8","target":"_blank"},"allgemeine_beschreibung":"<strong>Ladekonzepte und Energiemanagement-L\u00f6sungen<\/strong>\r\n\r\nUnsere Kernkompetenzen sind die Planung, Errichtung und der Betrieb von Ladeparks in Deutschland. Vom Konzept \u00fcber die Umsetzung bis hin zur Betriebsf\u00fchrung sind wir f\u00fcr unsere Kunden da. Wir sind ein Unternehmen der Diersch &amp; Schr\u00f6der Gruppe, die seit mehr als 100 Jahren erfolgreich in den Bereichen Energie, Chemie und Young Business t\u00e4tig ist. Da wir uns auf Wachstumskurs befinden, suchen wir dich als <strong>Elektriker (m\/w\/d)<\/strong> im Bereich erneuerbare Energien f\u00fcr das Gebiet Norddeutschland in Vollzeit<b>.<\/b>\r\n\r\n&nbsp;","arbeitgeber":"ENERGU GmbH","aufgaben":"<ul>\r\n \t<li data-olk-copy-source=\"MessageBody\">Durchf\u00fchrung von Messungen und Pr\u00fcfungen elektrischer Anlagen gem\u00e4\u00df VDE-0100-600<\/li>\r\n \t<li>Errichtung von neuen Netzanschl\u00fcssen f\u00fcr die Ladeinfrastruktur<\/li>\r\n \t<li>Durchf\u00fchrung von Wartungsarbeiten an Ladeinfrastuktur<\/li>\r\n \t<li>Erstellung und Pflege projektspezifischer Dokumentation<\/li>\r\n<\/ul>","anforderungen":"<ul>\r\n \t<li data-olk-copy-source=\"MessageBody\">Abgeschlossene Berufsausbildung als Elektroniker\/in (m\/w\/d)<\/li>\r\n \t<li>Deutschlandweite Reisebereitschaft, mit mehrt\u00e4gigen Montageeins\u00e4tzen<\/li>\r\n \t<li>Grundkenntnisse im Umgang mit Microsoft Office<\/li>\r\n \t<li>Sehr gute Deutschkenntnisse in Wort und Schrift<\/li>\r\n \t<li>F\u00fchrerschein der Klasse B<\/li>\r\n \t<li>Grundkenntnisse in der Netzwerktechnik f\u00fcr die Kommunikation der Betriebsmittel w\u00fcnschenswert (aber nicht zwingend notwendig)<\/li>\r\n \t<li>Selbstst\u00e4ndige l\u00f6sungsorientierte Denkweise mit Hands-on Mentalit\u00e4t<\/li>\r\n<\/ul>","benefits":"<ul>\r\n \t<li>Einen unbefristeten Arbeitsvertrag<\/li>\r\n \t<li>Eine spannende und herausfordernde Aufgabe in einem innovativen und schnell wachsenden Umfeld<\/li>\r\n \t<li>Moderne Arbeitsausstattung<\/li>\r\n \t<li>Eine offene kreative Unternehmenskultur mit flachen Hierarchien<\/li>\r\n \t<li>Einen hohen Grad an Entwicklungspotential<\/li>\r\n \t<li>F\u00f6rderung der eigenen fachlichen sowie pers\u00f6nlichen Weiterentwicklung<\/li>\r\n \t<li>Pr\u00e4mienprogramm f\u00fcr Empfehlungen von neuen Mitarbeitenden<\/li>\r\n \t<li>Betriebliche Altersvorsorge<\/li>\r\n \t<li>M\u00f6glichkeit zum mobilen Arbeiten<\/li>\r\n \t<li>Verg\u00fcnstigte Teilnahme am EGYM Wellpass<\/li>\r\n<\/ul>","interesse-und-info":"Hast du Lust auf erneuerbare Energie und ein spannendes Aufgabengebiet? Dann werde ein Teil von ENERGU und der Diersch &amp; Schr\u00f6der Gruppe und sende uns deine digitale Bewerbung unter Angabe deiner Gehaltsvorstellung \u00fcber den nachfolgenden Bewerbungslink zu: Weitergehende Informationen zu ENERGU finden hier auf unserer <a href=\"https:\/\/energu.de\/\" target=\"_blank\" rel=\"noopener\">Website<\/a>.\r\n\r\n&nbsp;","beginn":"ab sofort","logo_des_arbeitgebers":3732,"website_des_arbeitgebers":{"title":"","url":"https:\/\/energu.de\/","target":"_blank"},"vorschautext":"Lust auf erneuerbare Energie? Komm zur ENERGU GmbH!","titelbild":4521,"azubi-flyer":"","adresse":"Norddeutschland","arbeitsort":"Norddeutschland","plz":"","arbeitsstrasse":"","bundesland":"\/","land":"DE"},"_links":{"self":[{"href":"https:\/\/ds-bremen.de\/en\/wp-json\/wp\/v2\/job\/5886","targetHints":{"allow":["GET"]}}],"collection":[{"href":"https:\/\/ds-bremen.de\/en\/wp-json\/wp\/v2\/job"}],"about":[{"href":"https:\/\/ds-bremen.de\/en\/wp-json\/wp\/v2\/types\/job"}],"version-history":[{"count":4,"href":"https:\/\/ds-bremen.de\/en\/wp-json\/wp\/v2\/job\/5886\/revisions"}],"predecessor-version":[{"id":5894,"href":"https:\/\/ds-bremen.de\/en\/wp-json\/wp\/v2\/job\/5886\/revisions\/5894"}],"wp:attachment":[{"href":"https:\/\/ds-bremen.de\/en\/wp-json\/wp\/v2\/media?parent=5886"}],"wp:term":[{"taxonomy":"job_category","embeddable":true,"href":"https:\/\/ds-bremen.de\/en\/wp-json\/wp\/v2\/job_category?post=5886"},{"taxonomy":"job_tag","embeddable":true,"href":"https:\/\/ds-bremen.de\/en\/wp-json\/wp\/v2\/job_tag?post=5886"}],"curies":[{"name":"wp","href":"https:\/\/api.w.org\/{rel}","templated":true}]}}

<strong>Ladekonzepte und Energiemanagement-Lösungen</strong>

Unsere Kernkompetenzen sind die Planung, Errichtung und der Betrieb von Ladeparks in Deutschland. Vom Konzept über die Umsetzung bis hin zur Betriebsführung sind wir für unsere Kunden da. Wir sind ein Unternehmen der Diersch &amp; Schröder Gruppe, die seit mehr als 100 Jahren erfolgreich in den Bereichen Energie, Chemie und Young Business tätig ist. Da wir uns auf Wachstumskurs befinden, suchen wir dich als <strong>Elektriker (m/w/d)</strong> im Bereich erneuerbare Energien für das Gebiet Norddeutschland in Vollzeit<b>.</b>

&nbsp;

<ul>
 	<li data-olk-copy-source="MessageBody">Durchführung von Messungen und Prüfungen elektrischer Anlagen gemäß VDE-0100-600</li>
 	<li>Errichtung von neuen Netzanschlüssen für die Ladeinfrastruktur</li>
 	<li>Durchführung von Wartungsarbeiten an Ladeinfrastuktur</li>
 	<li>Erstellung und Pflege projektspezifischer Dokumentation</li>
</ul>

<ul>
 	<li data-olk-copy-source="MessageBody">Abgeschlossene Berufsausbildung als Elektroniker/in (m/w/d)</li>
 	<li>Deutschlandweite Reisebereitschaft, mit mehrtägigen Montageeinsätzen</li>
 	<li>Grundkenntnisse im Umgang mit Microsoft Office</li>
 	<li>Sehr gute Deutschkenntnisse in Wort und Schrift</li>
 	<li>Führerschein der Klasse B</li>
 	<li>Grundkenntnisse in der Netzwerktechnik für die Kommunikation der Betriebsmittel wünschenswert (aber nicht zwingend notwendig)</li>
 	<li>Selbstständige lösungsorientierte Denkweise mit Hands-on Mentalität</li>
</ul>

<ul>
 	<li>Einen unbefristeten Arbeitsvertrag</li>
 	<li>Eine spannende und herausfordernde Aufgabe in einem innovativen und schnell wachsenden Umfeld</li>
 	<li>Moderne Arbeitsausstattung</li>
 	<li>Eine offene kreative Unternehmenskultur mit flachen Hierarchien</li>
 	<li>Einen hohen Grad an Entwicklungspotential</li>
 	<li>Förderung der eigenen fachlichen sowie persönlichen Weiterentwicklung</li>
 	<li>Prämienprogramm für Empfehlungen von neuen Mitarbeitenden</li>
 	<li>Betriebliche Altersvorsorge</li>
 	<li>Möglichkeit zum mobilen Arbeiten</li>
 	<li>Vergünstigte Teilnahme am EGYM Wellpass</li>
</ul>

Hast du Lust auf erneuerbare Energie und ein spannendes Aufgabengebiet? Dann werde ein Teil von ENERGU und der Diersch &amp; Schröder Gruppe und sende uns deine digitale Bewerbung unter Angabe deiner Gehaltsvorstellung über den nachfolgenden Bewerbungslink zu: Weitergehende Informationen zu ENERGU finden hier auf unserer <a href="https://energu.de/" target="_blank" rel="noopener">Website</a>.

&nbsp;
